{"id":32,"date":"2023-05-22T16:04:53","date_gmt":"2023-05-22T16:04:53","guid":{"rendered":"https:\/\/marina-schlaubetal.de\/test\/?page_id=32"},"modified":"2026-05-01T10:52:58","modified_gmt":"2026-05-01T10:52:58","slug":"blog","status":"publish","type":"page","link":"https:\/\/marina-schlaubetal.de\/index.php\/blog\/","title":{"rendered":"Bootsverleih"},"content":{"rendered":"\n<figure class=\"wp-block-image size-full\"><img loading=\"lazy\" decoding=\"async\" width=\"910\" height=\"396\" src=\"https:\/\/marina-schlaubetal.de\/test\/wp-content\/uploads\/2023\/05\/hafen.jpg\" alt=\"\" class=\"wp-image-58\" srcset=\"https:\/\/marina-schlaubetal.de\/wp-content\/uploads\/2023\/05\/hafen.jpg 910w, https:\/\/marina-schlaubetal.de\/wp-content\/uploads\/2023\/05\/hafen-300x131.jpg 300w, https:\/\/marina-schlaubetal.de\/wp-content\/uploads\/2023\/05\/hafen-768x334.jpg 768w\" sizes=\"auto, (max-width: 910px) 100vw, 910px\" \/><\/figure>\n\n\n\n<p><\/p>\n\n\n\n<hr class=\"wp-block-separator has-alpha-channel-opacity\"\/>\n\n\n\n<p>Erkunden Sie von M\u00fcllrose aus den Oder-Spree-Kanal, sowie Oder und Spree. Genie\u00dfen Sie das sch\u00f6ne Flair von unber\u00fchrter Natur. Bei uns k\u00f6nnen Sie w\u00e4hlen zwischen Kajak, Kanu, Ruderboot sowie F\u00fchrerschein-freien Motorbooten von 5 bis&nbsp; 15 PS.&nbsp;Wir werden Ihnen die Grundlagen vermitteln, um auf dem Wasser auch ohne F\u00fchrerschein unsere Sportboote f\u00fchren zu k\u00f6nnen.<\/p>\n\n\n\n<ul class=\"wp-block-list\">\n<li>Vermietung von Motorboote \/ Bootcharter<\/li>\n\n\n\n<li>Ruderbootvermietung \/ Ruderbootverleih<\/li>\n\n\n\n<li>Kanuvermietung \/ Kanuverleih<\/li>\n\n\n\n<li>Kanadiervermietung \/ Kanadierverleih<\/li>\n<\/ul>\n\n\n\n<p><\/p>\n\n\n\n<h2 class=\"wp-block-heading\">NEUES FLO\u00df (20PS)<br>80\u20ac pro Std. inkl. Benzin<\/h2>\n\n\n\n<p><\/p>\n\n\n\n<div class=\"wp-block-jetpack-slideshow aligncenter\" data-autoplay=\"true\" data-delay=\"3\" data-effect=\"fade\"><div class=\"wp-block-jetpack-slideshow_container swiper\"><ul class=\"wp-block-jetpack-slideshow_swiper-wrapper swiper-wrapper\"><li class=\"wp-block-jetpack-slideshow_slide swiper-slide\"><figure><img loading=\"lazy\" decoding=\"async\" width=\"1024\" height=\"768\" alt=\"\" class=\"wp-block-jetpack-slideshow_image wp-image-144\" data-id=\"144\" src=\"https:\/\/marina-schlaubetal.de\/wp-content\/uploads\/2023\/09\/20230716_091743-1-1024x768.jpg\" srcset=\"https:\/\/marina-schlaubetal.de\/wp-content\/uploads\/2023\/09\/20230716_091743-1-1024x768.jpg 1024w, https:\/\/marina-schlaubetal.de\/wp-content\/uploads\/2023\/09\/20230716_091743-1-300x225.jpg 300w, https:\/\/marina-schlaubetal.de\/wp-content\/uploads\/2023\/09\/20230716_091743-1-768x576.jpg 768w, https:\/\/marina-schlaubetal.de\/wp-content\/uploads\/2023\/09\/20230716_091743-1-1536x1152.jpg 1536w, https:\/\/marina-schlaubetal.de\/wp-content\/uploads\/2023\/09\/20230716_091743-1-2048x1536.jpg 2048w\" sizes=\"(max-width: 1024px) 100vw, 1024px\" \/><\/figure><\/li><li class=\"wp-block-jetpack-slideshow_slide swiper-slide\"><figure><img loading=\"lazy\" decoding=\"async\" width=\"1024\" height=\"768\" alt=\"\" class=\"wp-block-jetpack-slideshow_image wp-image-145\" data-id=\"145\" src=\"https:\/\/marina-schlaubetal.de\/wp-content\/uploads\/2023\/09\/20230716_091836-1-1024x768.jpg\" srcset=\"https:\/\/marina-schlaubetal.de\/wp-content\/uploads\/2023\/09\/20230716_091836-1-1024x768.jpg 1024w, https:\/\/marina-schlaubetal.de\/wp-content\/uploads\/2023\/09\/20230716_091836-1-300x225.jpg 300w, https:\/\/marina-schlaubetal.de\/wp-content\/uploads\/2023\/09\/20230716_091836-1-768x576.jpg 768w, https:\/\/marina-schlaubetal.de\/wp-content\/uploads\/2023\/09\/20230716_091836-1-1536x1152.jpg 1536w, https:\/\/marina-schlaubetal.de\/wp-content\/uploads\/2023\/09\/20230716_091836-1-2048x1536.jpg 2048w\" sizes=\"(max-width: 1024px) 100vw, 1024px\" \/><\/figure><\/li><li class=\"wp-block-jetpack-slideshow_slide swiper-slide\"><figure><img loading=\"lazy\" decoding=\"async\" width=\"1024\" height=\"768\" alt=\"\" class=\"wp-block-jetpack-slideshow_image wp-image-111\" data-id=\"111\" src=\"https:\/\/marina-schlaubetal.de\/wp-content\/uploads\/2023\/09\/20230716_091836-1024x768.jpg\" srcset=\"https:\/\/marina-schlaubetal.de\/wp-content\/uploads\/2023\/09\/20230716_091836-1024x768.jpg 1024w, https:\/\/marina-schlaubetal.de\/wp-content\/uploads\/2023\/09\/20230716_091836-300x225.jpg 300w, https:\/\/marina-schlaubetal.de\/wp-content\/uploads\/2023\/09\/20230716_091836-768x576.jpg 768w, https:\/\/marina-schlaubetal.de\/wp-content\/uploads\/2023\/09\/20230716_091836-1536x1152.jpg 1536w, https:\/\/marina-schlaubetal.de\/wp-content\/uploads\/2023\/09\/20230716_091836-2048x1536.jpg 2048w\" sizes=\"(max-width: 1024px) 100vw, 1024px\" \/><\/figure><\/li><li class=\"wp-block-jetpack-slideshow_slide swiper-slide\"><figure><img loading=\"lazy\" decoding=\"async\" width=\"1024\" height=\"768\" alt=\"\" class=\"wp-block-jetpack-slideshow_image wp-image-113\" data-id=\"113\" src=\"https:\/\/marina-schlaubetal.de\/wp-content\/uploads\/2023\/09\/20230719_200522-1024x768.jpg\" srcset=\"https:\/\/marina-schlaubetal.de\/wp-content\/uploads\/2023\/09\/20230719_200522-1024x768.jpg 1024w, https:\/\/marina-schlaubetal.de\/wp-content\/uploads\/2023\/09\/20230719_200522-300x225.jpg 300w, https:\/\/marina-schlaubetal.de\/wp-content\/uploads\/2023\/09\/20230719_200522-768x576.jpg 768w, https:\/\/marina-schlaubetal.de\/wp-content\/uploads\/2023\/09\/20230719_200522-1536x1152.jpg 1536w, https:\/\/marina-schlaubetal.de\/wp-content\/uploads\/2023\/09\/20230719_200522-2048x1536.jpg 2048w\" sizes=\"(max-width: 1024px) 100vw, 1024px\" \/><\/figure><\/li><\/ul><a class=\"wp-block-jetpack-slideshow_button-prev swiper-button-prev swiper-button-white\" role=\"button\"><\/a><a class=\"wp-block-jetpack-slideshow_button-next swiper-button-next swiper-button-white\" role=\"button\"><\/a><a aria-label=\"Pause Slideshow\" class=\"wp-block-jetpack-slideshow_button-pause\" role=\"button\"><\/a><div class=\"wp-block-jetpack-slideshow_pagination swiper-pagination swiper-pagination-white\"><\/div><\/div><\/div>\n\n\n\n<hr class=\"wp-block-separator has-alpha-channel-opacity\"\/>\n\n\n\n<h2 class=\"wp-block-heading\">MOTORBOOT NECKO<br>40\u20ac pro Std. inklusive Benzin <br>130\u20ac zzgl. Benzin Tagestour<\/h2>\n\n\n\n<div class=\"wp-block-jetpack-slideshow aligncenter\" data-autoplay=\"true\" data-delay=\"3\" data-effect=\"fade\"><div class=\"wp-block-jetpack-slideshow_container swiper\"><ul class=\"wp-block-jetpack-slideshow_swiper-wrapper swiper-wrapper\"><li class=\"wp-block-jetpack-slideshow_slide swiper-slide\"><figure><img loading=\"lazy\" decoding=\"async\" width=\"1005\" height=\"592\" alt=\"\" class=\"wp-block-jetpack-slideshow_image wp-image-322\" data-id=\"322\" src=\"https:\/\/marina-schlaubetal.de\/wp-content\/uploads\/2024\/09\/necko2.png\" srcset=\"https:\/\/marina-schlaubetal.de\/wp-content\/uploads\/2024\/09\/necko2.png 1005w, https:\/\/marina-schlaubetal.de\/wp-content\/uploads\/2024\/09\/necko2-300x177.png 300w, https:\/\/marina-schlaubetal.de\/wp-content\/uploads\/2024\/09\/necko2-768x452.png 768w\" sizes=\"(max-width: 1005px) 100vw, 1005px\" \/><\/figure><\/li><li class=\"wp-block-jetpack-slideshow_slide swiper-slide\"><figure><img loading=\"lazy\" decoding=\"async\" width=\"894\" height=\"636\" alt=\"\" class=\"wp-block-jetpack-slideshow_image wp-image-323\" data-id=\"323\" src=\"https:\/\/marina-schlaubetal.de\/wp-content\/uploads\/2024\/09\/necko1.png\" srcset=\"https:\/\/marina-schlaubetal.de\/wp-content\/uploads\/2024\/09\/necko1.png 894w, https:\/\/marina-schlaubetal.de\/wp-content\/uploads\/2024\/09\/necko1-300x213.png 300w, https:\/\/marina-schlaubetal.de\/wp-content\/uploads\/2024\/09\/necko1-768x546.png 768w\" sizes=\"(max-width: 894px) 100vw, 894px\" \/><\/figure><\/li><li class=\"wp-block-jetpack-slideshow_slide swiper-slide\"><figure><img loading=\"lazy\" decoding=\"async\" width=\"837\" height=\"583\" alt=\"\" class=\"wp-block-jetpack-slideshow_image wp-image-324\" data-id=\"324\" src=\"https:\/\/marina-schlaubetal.de\/wp-content\/uploads\/2024\/09\/necko3.png\" srcset=\"https:\/\/marina-schlaubetal.de\/wp-content\/uploads\/2024\/09\/necko3.png 837w, https:\/\/marina-schlaubetal.de\/wp-content\/uploads\/2024\/09\/necko3-300x209.png 300w, https:\/\/marina-schlaubetal.de\/wp-content\/uploads\/2024\/09\/necko3-768x535.png 768w\" sizes=\"(max-width: 837px) 100vw, 837px\" \/><\/figure><\/li><\/ul><a class=\"wp-block-jetpack-slideshow_button-prev swiper-button-prev swiper-button-white\" role=\"button\"><\/a><a class=\"wp-block-jetpack-slideshow_button-next swiper-button-next swiper-button-white\" role=\"button\"><\/a><a aria-label=\"Pause Slideshow\" class=\"wp-block-jetpack-slideshow_button-pause\" role=\"button\"><\/a><div class=\"wp-block-jetpack-slideshow_pagination swiper-pagination swiper-pagination-white\"><\/div><\/div><\/div>\n\n\n\n<h2 class=\"wp-block-heading\">PONTON BLAU <br>45\u20ac pro Std. inkl. Benzin <br>180\u20ac zzgl. Benzin Tagestour<\/h2>\n\n\n\n<div class=\"wp-block-jetpack-slideshow aligncenter\" data-effect=\"slide\"><div class=\"wp-block-jetpack-slideshow_container swiper\"><ul class=\"wp-block-jetpack-slideshow_swiper-wrapper swiper-wrapper\"><li class=\"wp-block-jetpack-slideshow_slide swiper-slide\"><figure><img loading=\"lazy\" decoding=\"async\" width=\"900\" height=\"597\" alt=\"\" class=\"wp-block-jetpack-slideshow_image wp-image-327\" data-id=\"327\" src=\"https:\/\/marina-schlaubetal.de\/wp-content\/uploads\/2024\/09\/blau-4.png\" srcset=\"https:\/\/marina-schlaubetal.de\/wp-content\/uploads\/2024\/09\/blau-4.png 900w, https:\/\/marina-schlaubetal.de\/wp-content\/uploads\/2024\/09\/blau-4-300x199.png 300w, https:\/\/marina-schlaubetal.de\/wp-content\/uploads\/2024\/09\/blau-4-768x509.png 768w, https:\/\/marina-schlaubetal.de\/wp-content\/uploads\/2024\/09\/blau-4-360x240.png 360w\" sizes=\"(max-width: 900px) 100vw, 900px\" \/><\/figure><\/li><li class=\"wp-block-jetpack-slideshow_slide swiper-slide\"><figure><img loading=\"lazy\" decoding=\"async\" width=\"983\" height=\"598\" alt=\"\" class=\"wp-block-jetpack-slideshow_image wp-image-328\" data-id=\"328\" src=\"https:\/\/marina-schlaubetal.de\/wp-content\/uploads\/2024\/09\/blau3.png\" srcset=\"https:\/\/marina-schlaubetal.de\/wp-content\/uploads\/2024\/09\/blau3.png 983w, https:\/\/marina-schlaubetal.de\/wp-content\/uploads\/2024\/09\/blau3-300x183.png 300w, https:\/\/marina-schlaubetal.de\/wp-content\/uploads\/2024\/09\/blau3-768x467.png 768w\" sizes=\"(max-width: 983px) 100vw, 983px\" \/><\/figure><\/li><li class=\"wp-block-jetpack-slideshow_slide swiper-slide\"><figure><img loading=\"lazy\" decoding=\"async\" width=\"897\" height=\"594\" alt=\"\" class=\"wp-block-jetpack-slideshow_image wp-image-329\" data-id=\"329\" src=\"https:\/\/marina-schlaubetal.de\/wp-content\/uploads\/2024\/09\/blau2.png\" srcset=\"https:\/\/marina-schlaubetal.de\/wp-content\/uploads\/2024\/09\/blau2.png 897w, https:\/\/marina-schlaubetal.de\/wp-content\/uploads\/2024\/09\/blau2-300x199.png 300w, https:\/\/marina-schlaubetal.de\/wp-content\/uploads\/2024\/09\/blau2-768x509.png 768w\" sizes=\"(max-width: 897px) 100vw, 897px\" \/><\/figure><\/li><li class=\"wp-block-jetpack-slideshow_slide swiper-slide\"><figure><img loading=\"lazy\" decoding=\"async\" width=\"900\" height=\"599\" alt=\"\" class=\"wp-block-jetpack-slideshow_image wp-image-330\" data-id=\"330\" src=\"https:\/\/marina-schlaubetal.de\/wp-content\/uploads\/2024\/09\/blau1.png\" srcset=\"https:\/\/marina-schlaubetal.de\/wp-content\/uploads\/2024\/09\/blau1.png 900w, https:\/\/marina-schlaubetal.de\/wp-content\/uploads\/2024\/09\/blau1-300x200.png 300w, https:\/\/marina-schlaubetal.de\/wp-content\/uploads\/2024\/09\/blau1-768x511.png 768w, https:\/\/marina-schlaubetal.de\/wp-content\/uploads\/2024\/09\/blau1-360x240.png 360w\" sizes=\"(max-width: 900px) 100vw, 900px\" \/><\/figure><\/li><\/ul><a class=\"wp-block-jetpack-slideshow_button-prev swiper-button-prev swiper-button-white\" role=\"button\"><\/a><a class=\"wp-block-jetpack-slideshow_button-next swiper-button-next swiper-button-white\" role=\"button\"><\/a><a aria-label=\"Pause Slideshow\" class=\"wp-block-jetpack-slideshow_button-pause\" role=\"button\"><\/a><div class=\"wp-block-jetpack-slideshow_pagination swiper-pagination swiper-pagination-white\"><\/div><\/div><\/div>\n\n\n\n<h2 class=\"wp-block-heading\">OMEGA<br>40\u20ac pro Std. inkl. Benzin <br>130\u20ac zzgl. Benzin Tagestour<\/h2>\n\n\n\n<div class=\"wp-block-jetpack-slideshow aligncenter\" data-effect=\"slide\"><div class=\"wp-block-jetpack-slideshow_container swiper\"><ul class=\"wp-block-jetpack-slideshow_swiper-wrapper swiper-wrapper\"><li class=\"wp-block-jetpack-slideshow_slide swiper-slide\"><figure><img loading=\"lazy\" decoding=\"async\" width=\"1024\" height=\"768\" alt=\"\" class=\"wp-block-jetpack-slideshow_image wp-image-142\" data-id=\"142\" src=\"https:\/\/marina-schlaubetal.de\/wp-content\/uploads\/2023\/09\/20230716_091256-1-1024x768.jpg\" srcset=\"https:\/\/marina-schlaubetal.de\/wp-content\/uploads\/2023\/09\/20230716_091256-1-1024x768.jpg 1024w, https:\/\/marina-schlaubetal.de\/wp-content\/uploads\/2023\/09\/20230716_091256-1-300x225.jpg 300w, https:\/\/marina-schlaubetal.de\/wp-content\/uploads\/2023\/09\/20230716_091256-1-768x576.jpg 768w, https:\/\/marina-schlaubetal.de\/wp-content\/uploads\/2023\/09\/20230716_091256-1-1536x1152.jpg 1536w, https:\/\/marina-schlaubetal.de\/wp-content\/uploads\/2023\/09\/20230716_091256-1-2048x1536.jpg 2048w\" sizes=\"(max-width: 1024px) 100vw, 1024px\" \/><\/figure><\/li><li class=\"wp-block-jetpack-slideshow_slide swiper-slide\"><figure><img loading=\"lazy\" decoding=\"async\" width=\"768\" height=\"1024\" alt=\"\" class=\"wp-block-jetpack-slideshow_image wp-image-112\" data-id=\"112\" src=\"https:\/\/marina-schlaubetal.de\/wp-content\/uploads\/2023\/09\/20230716_091243-768x1024.jpg\" srcset=\"https:\/\/marina-schlaubetal.de\/wp-content\/uploads\/2023\/09\/20230716_091243-768x1024.jpg 768w, https:\/\/marina-schlaubetal.de\/wp-content\/uploads\/2023\/09\/20230716_091243-225x300.jpg 225w, https:\/\/marina-schlaubetal.de\/wp-content\/uploads\/2023\/09\/20230716_091243-1152x1536.jpg 1152w, https:\/\/marina-schlaubetal.de\/wp-content\/uploads\/2023\/09\/20230716_091243-1536x2048.jpg 1536w, https:\/\/marina-schlaubetal.de\/wp-content\/uploads\/2023\/09\/20230716_091243-scaled.jpg 1920w\" sizes=\"(max-width: 768px) 100vw, 768px\" \/><\/figure><\/li><li class=\"wp-block-jetpack-slideshow_slide swiper-slide\"><figure><img loading=\"lazy\" decoding=\"async\" width=\"1024\" height=\"768\" alt=\"\" class=\"wp-block-jetpack-slideshow_image wp-image-119\" data-id=\"119\" src=\"https:\/\/marina-schlaubetal.de\/wp-content\/uploads\/2023\/09\/20230716_091256-1024x768.jpg\" srcset=\"https:\/\/marina-schlaubetal.de\/wp-content\/uploads\/2023\/09\/20230716_091256-1024x768.jpg 1024w, https:\/\/marina-schlaubetal.de\/wp-content\/uploads\/2023\/09\/20230716_091256-300x225.jpg 300w, https:\/\/marina-schlaubetal.de\/wp-content\/uploads\/2023\/09\/20230716_091256-768x576.jpg 768w, https:\/\/marina-schlaubetal.de\/wp-content\/uploads\/2023\/09\/20230716_091256-1536x1152.jpg 1536w, https:\/\/marina-schlaubetal.de\/wp-content\/uploads\/2023\/09\/20230716_091256-2048x1536.jpg 2048w\" sizes=\"(max-width: 1024px) 100vw, 1024px\" \/><\/figure><\/li><\/ul><a class=\"wp-block-jetpack-slideshow_button-prev swiper-button-prev swiper-button-white\" role=\"button\"><\/a><a class=\"wp-block-jetpack-slideshow_button-next swiper-button-next swiper-button-white\" role=\"button\"><\/a><a aria-label=\"Pause Slideshow\" class=\"wp-block-jetpack-slideshow_button-pause\" role=\"button\"><\/a><div class=\"wp-block-jetpack-slideshow_pagination swiper-pagination swiper-pagination-white\"><\/div><\/div><\/div>\n\n\n\n<h3 class=\"wp-block-heading\" id=\"cc-m-header-12471309023\">DRACHENBOOTE | KAJAK | TRETBOOTE<\/h3>\n\n\n\n<p><strong>Preis<\/strong><br>Kajak 1-Sitzer 5 \u20ac \/ Stunde | 20 \u20ac Tagespreis<br>Kajak 2-Sitzer 3 \u20ac \/ Stunde pro Sitz | 15 \u20ac Tagespreis pro Sitz<br>Canadier 3 \u20ac \/ Stunde pro Sitz | 15 \u20ac Tagespreis pro Sitz<\/p>\n\n\n\n<hr class=\"wp-block-separator has-alpha-channel-opacity\"\/>\n\n\n\n<p>Die&nbsp;<strong>Marina Schlaubetal<\/strong>&nbsp;verf\u00fcgt \u00fcber ein Drachenboot, Kajaks, Kanadier sowie Tretboote. Diese k\u00f6nnen f\u00fcr Schulklassen, Betriebsfeiern etc. gemietet werden. <\/p>\n\n\n\n<div class=\"wp-block-jetpack-slideshow aligncenter\" data-effect=\"slide\"><div class=\"wp-block-jetpack-slideshow_container swiper\"><ul class=\"wp-block-jetpack-slideshow_swiper-wrapper swiper-wrapper\"><li class=\"wp-block-jetpack-slideshow_slide swiper-slide\"><figure><img loading=\"lazy\" decoding=\"async\" width=\"1024\" height=\"768\" alt=\"\" class=\"wp-block-jetpack-slideshow_image wp-image-115\" data-id=\"115\" src=\"https:\/\/marina-schlaubetal.de\/wp-content\/uploads\/2023\/09\/20230719_200423-1024x768.jpg\" srcset=\"https:\/\/marina-schlaubetal.de\/wp-content\/uploads\/2023\/09\/20230719_200423-1024x768.jpg 1024w, https:\/\/marina-schlaubetal.de\/wp-content\/uploads\/2023\/09\/20230719_200423-300x225.jpg 300w, https:\/\/marina-schlaubetal.de\/wp-content\/uploads\/2023\/09\/20230719_200423-768x576.jpg 768w, https:\/\/marina-schlaubetal.de\/wp-content\/uploads\/2023\/09\/20230719_200423-1536x1152.jpg 1536w, https:\/\/marina-schlaubetal.de\/wp-content\/uploads\/2023\/09\/20230719_200423-2048x1536.jpg 2048w\" sizes=\"(max-width: 1024px) 100vw, 1024px\" \/><\/figure><\/li><li class=\"wp-block-jetpack-slideshow_slide swiper-slide\"><figure><img loading=\"lazy\" decoding=\"async\" width=\"1024\" height=\"768\" alt=\"\" class=\"wp-block-jetpack-slideshow_image wp-image-122\" data-id=\"122\" src=\"https:\/\/marina-schlaubetal.de\/wp-content\/uploads\/2023\/09\/20230716_092115-1024x768.jpg\" srcset=\"https:\/\/marina-schlaubetal.de\/wp-content\/uploads\/2023\/09\/20230716_092115-1024x768.jpg 1024w, https:\/\/marina-schlaubetal.de\/wp-content\/uploads\/2023\/09\/20230716_092115-300x225.jpg 300w, https:\/\/marina-schlaubetal.de\/wp-content\/uploads\/2023\/09\/20230716_092115-768x576.jpg 768w, https:\/\/marina-schlaubetal.de\/wp-content\/uploads\/2023\/09\/20230716_092115-1536x1152.jpg 1536w, https:\/\/marina-schlaubetal.de\/wp-content\/uploads\/2023\/09\/20230716_092115-2048x1536.jpg 2048w\" sizes=\"(max-width: 1024px) 100vw, 1024px\" \/><\/figure><\/li><li class=\"wp-block-jetpack-slideshow_slide swiper-slide\"><figure><img loading=\"lazy\" decoding=\"async\" width=\"768\" height=\"1024\" alt=\"\" class=\"wp-block-jetpack-slideshow_image wp-image-121\" data-id=\"121\" src=\"https:\/\/marina-schlaubetal.de\/wp-content\/uploads\/2023\/09\/20230716_092151-768x1024.jpg\" srcset=\"https:\/\/marina-schlaubetal.de\/wp-content\/uploads\/2023\/09\/20230716_092151-768x1024.jpg 768w, https:\/\/marina-schlaubetal.de\/wp-content\/uploads\/2023\/09\/20230716_092151-225x300.jpg 225w, https:\/\/marina-schlaubetal.de\/wp-content\/uploads\/2023\/09\/20230716_092151-1152x1536.jpg 1152w, https:\/\/marina-schlaubetal.de\/wp-content\/uploads\/2023\/09\/20230716_092151-1536x2048.jpg 1536w, https:\/\/marina-schlaubetal.de\/wp-content\/uploads\/2023\/09\/20230716_092151-scaled.jpg 1920w\" sizes=\"(max-width: 768px) 100vw, 768px\" \/><\/figure><\/li><li class=\"wp-block-jetpack-slideshow_slide swiper-slide\"><figure><img loading=\"lazy\" decoding=\"async\" width=\"768\" height=\"1024\" alt=\"\" class=\"wp-block-jetpack-slideshow_image wp-image-150\" data-id=\"150\" src=\"https:\/\/marina-schlaubetal.de\/wp-content\/uploads\/2023\/09\/20230716_092151-1-768x1024.jpg\" srcset=\"https:\/\/marina-schlaubetal.de\/wp-content\/uploads\/2023\/09\/20230716_092151-1-768x1024.jpg 768w, https:\/\/marina-schlaubetal.de\/wp-content\/uploads\/2023\/09\/20230716_092151-1-225x300.jpg 225w, https:\/\/marina-schlaubetal.de\/wp-content\/uploads\/2023\/09\/20230716_092151-1-1152x1536.jpg 1152w, https:\/\/marina-schlaubetal.de\/wp-content\/uploads\/2023\/09\/20230716_092151-1-1536x2048.jpg 1536w, https:\/\/marina-schlaubetal.de\/wp-content\/uploads\/2023\/09\/20230716_092151-1-scaled.jpg 1920w\" sizes=\"(max-width: 768px) 100vw, 768px\" \/><\/figure><\/li><li class=\"wp-block-jetpack-slideshow_slide swiper-slide\"><figure><img loading=\"lazy\" decoding=\"async\" width=\"1024\" height=\"768\" alt=\"\" class=\"wp-block-jetpack-slideshow_image wp-image-149\" data-id=\"149\" src=\"https:\/\/marina-schlaubetal.de\/wp-content\/uploads\/2023\/09\/20230716_092115-1-1024x768.jpg\" srcset=\"https:\/\/marina-schlaubetal.de\/wp-content\/uploads\/2023\/09\/20230716_092115-1-1024x768.jpg 1024w, https:\/\/marina-schlaubetal.de\/wp-content\/uploads\/2023\/09\/20230716_092115-1-300x225.jpg 300w, https:\/\/marina-schlaubetal.de\/wp-content\/uploads\/2023\/09\/20230716_092115-1-768x576.jpg 768w, https:\/\/marina-schlaubetal.de\/wp-content\/uploads\/2023\/09\/20230716_092115-1-1536x1152.jpg 1536w, https:\/\/marina-schlaubetal.de\/wp-content\/uploads\/2023\/09\/20230716_092115-1-2048x1536.jpg 2048w\" sizes=\"(max-width: 1024px) 100vw, 1024px\" \/><\/figure><\/li><li class=\"wp-block-jetpack-slideshow_slide swiper-slide\"><figure><img loading=\"lazy\" decoding=\"async\" width=\"1024\" height=\"768\" alt=\"\" class=\"wp-block-jetpack-slideshow_image wp-image-151\" data-id=\"151\" src=\"https:\/\/marina-schlaubetal.de\/wp-content\/uploads\/2023\/09\/20230716_092323-1-1024x768.jpg\" srcset=\"https:\/\/marina-schlaubetal.de\/wp-content\/uploads\/2023\/09\/20230716_092323-1-1024x768.jpg 1024w, https:\/\/marina-schlaubetal.de\/wp-content\/uploads\/2023\/09\/20230716_092323-1-300x225.jpg 300w, https:\/\/marina-schlaubetal.de\/wp-content\/uploads\/2023\/09\/20230716_092323-1-768x576.jpg 768w, https:\/\/marina-schlaubetal.de\/wp-content\/uploads\/2023\/09\/20230716_092323-1-1536x1152.jpg 1536w, https:\/\/marina-schlaubetal.de\/wp-content\/uploads\/2023\/09\/20230716_092323-1-2048x1536.jpg 2048w\" sizes=\"(max-width: 1024px) 100vw, 1024px\" \/><\/figure><\/li><\/ul><a class=\"wp-block-jetpack-slideshow_button-prev swiper-button-prev swiper-button-white\" role=\"button\"><\/a><a class=\"wp-block-jetpack-slideshow_button-next swiper-button-next swiper-button-white\" role=\"button\"><\/a><a aria-label=\"Pause Slideshow\" class=\"wp-block-jetpack-slideshow_button-pause\" role=\"button\"><\/a><div class=\"wp-block-jetpack-slideshow_pagination swiper-pagination swiper-pagination-white\"><\/div><\/div><\/div>\n\n\n<div class=\"wp-block-image\">\n<figure class=\"aligncenter is-resized\"><img decoding=\"async\" src=\"https:\/\/image.jimcdn.com\/app\/cms\/image\/transf\/dimension=1920x400:format=jpg\/path\/s96753744ee5df1fc\/image\/i5b74970ad4c8e449\/version\/1455266004\/image.jpg\" alt=\"\" style=\"width:708px;height:auto\"\/><\/figure>\n<\/div>\n\n\n<hr class=\"wp-block-separator has-alpha-channel-opacity\"\/>\n\n\n\n<h3 class=\"wp-block-heading\" id=\"cc-m-header-12454095423\">F\u00dcHRERSCHEIN-FREIE MOTORBOOTE | YACHT-CHARTER<\/h3>\n\n\n\n<figure class=\"wp-block-gallery has-nested-images columns-default is-cropped wp-block-gallery-1 is-layout-flex wp-block-gallery-is-layout-flex\">\n<figure class=\"wp-block-image is-style-rounded\"><img decoding=\"async\" src=\"https:\/\/image.jimcdn.com\/app\/cms\/image\/transf\/dimension=455x1024:format=jpg\/path\/s96753744ee5df1fc\/image\/i12f869e848da79e6\/version\/1495814666\/image.jpg\" alt=\"\"\/><\/figure>\n<\/figure>\n\n\n\n<figure class=\"wp-block-gallery has-nested-images columns-default is-cropped wp-block-gallery-2 is-layout-flex wp-block-gallery-is-layout-flex\"><\/figure>\n\n\n\n<p><\/p>\n\n\n\n<p>Mit unserem Motorboot k\u00f6nnen Sie sich diesen Wunsch erf\u00fcllen, denn mit bis zu 15 PS sind Sie F\u00fchrerschein-frei unterwegs. Sie k\u00f6nnen einen&nbsp;Kurztrip f\u00fcr ein paar Stunden \u00fcber den Oder-Spree-Kanal unternehmen, einen Tagesausflug in die Region starten oder einen Wochenendausflug auf den benachbarten Gew\u00e4ssern erleben. Auch in Ihrem Mehrtagesurlaub muss es nicht an Abwechslung und Flexibilit\u00e4t fehlen \u2013 gern k\u00f6nnen Sie&nbsp;unser Kaj\u00fcte-Motorboot einschlie\u00dflich Trailer in Ihrem Urlaub mitf\u00fchren. Au\u00dferdem stellen wir Ihnen das gemietete Boot an Ihrem Wunschort&nbsp;bereit und holen es dort wieder ab.&nbsp;<\/p>\n\n\n\n<p>Sie sind nicht im Besitz eines Sportbootf\u00fchrerscheines, aber m\u00f6chten sich trotzdem als \u201eBootskapit\u00e4n\u201c versuchen?<\/p>\n\n\n\n<hr class=\"wp-block-separator has-alpha-channel-opacity\"\/>\n\n\n\n<h3 class=\"wp-block-heading\" id=\"cc-m-header-12454144623\">KAJ\u00dcTE | MOTORBOOT<\/h3>\n\n\n\n<hr class=\"wp-block-separator has-alpha-channel-opacity\"\/>\n\n\n\n<p>Die Bootsvermietung&nbsp;<strong>Marina Schlaubetal<\/strong>&nbsp;h\u00e4lt f\u00fcr Sie auch Kaj\u00fcte-Motorboote sowie Konsolen-Boote mit 15 &#8211; 40 PS-Motoren zur Anmietung bereit. F\u00fcr Ihr Wohlbefinden und Ihren Komfort fehlt es den Motorbooten an Nichts: Zugelassen f\u00fcr bis zu sechs Personen gibt Ihnen das Boot mit bequemen Sitzpl\u00e4tzen und Tisch, Au\u00dfenleiter, Sonnendeck, Sonnensegel, abschlie\u00dfbarer Kaj\u00fcte mit einer gro\u00dfz\u00fcgigen Schlafplatz und auf Wunsch mit Chemie-WC Raum f\u00fcr alle erdenklichen Einsatz- und Nutzungsm\u00f6glichkeiten.<\/p>\n\n\n\n<figure class=\"wp-block-image size-full\"><img loading=\"lazy\" decoding=\"async\" width=\"579\" height=\"135\" src=\"https:\/\/marina-schlaubetal.de\/wp-content\/uploads\/2024\/05\/hotline.png\" alt=\"\" class=\"wp-image-284\" srcset=\"https:\/\/marina-schlaubetal.de\/wp-content\/uploads\/2024\/05\/hotline.png 579w, https:\/\/marina-schlaubetal.de\/wp-content\/uploads\/2024\/05\/hotline-300x70.png 300w\" sizes=\"auto, (max-width: 579px) 100vw, 579px\" \/><\/figure>\n\n\n\n<p><\/p>\n","protected":false},"excerpt":{"rendered":"<p>Erkunden Sie von M\u00fcllrose aus den Oder-Spree-Kanal, sowie Oder und Spree. Genie\u00dfen Sie das sch\u00f6ne Flair von unber\u00fchrter Natur. Bei uns k\u00f6nnen Sie w\u00e4hlen zwischen Kajak, Kanu, Ruderboot sowie F\u00fchrerschein-freien Motorbooten von 5 bis&nbsp; 15 PS.&nbsp;Wir werden Ihnen die Grundlagen vermitteln, um auf dem Wasser auch ohne F\u00fchrerschein unsere Sportboote [&hellip;]<\/p>\n","protected":false},"author":2,"featured_media":107,"parent":0,"menu_order":0,"comment_status":"closed","ping_status":"closed","template":"page-templates\/template-page-sidebar.php","meta":{"_themeisle_gutenberg_block_has_review":false,"footnotes":""},"class_list":["post-32","page","type-page","status-publish","has-post-thumbnail","hentry"],"jetpack_sharing_enabled":true,"_links":{"self":[{"href":"https:\/\/marina-schlaubetal.de\/index.php\/wp-json\/wp\/v2\/pages\/32","targetHints":{"allow":["GET"]}}],"collection":[{"href":"https:\/\/marina-schlaubetal.de\/index.php\/wp-json\/wp\/v2\/pages"}],"about":[{"href":"https:\/\/marina-schlaubetal.de\/index.php\/wp-json\/wp\/v2\/types\/page"}],"author":[{"embeddable":true,"href":"https:\/\/marina-schlaubetal.de\/index.php\/wp-json\/wp\/v2\/users\/2"}],"replies":[{"embeddable":true,"href":"https:\/\/marina-schlaubetal.de\/index.php\/wp-json\/wp\/v2\/comments?post=32"}],"version-history":[{"count":25,"href":"https:\/\/marina-schlaubetal.de\/index.php\/wp-json\/wp\/v2\/pages\/32\/revisions"}],"predecessor-version":[{"id":363,"href":"https:\/\/marina-schlaubetal.de\/index.php\/wp-json\/wp\/v2\/pages\/32\/revisions\/363"}],"wp:featuredmedia":[{"embeddable":true,"href":"https:\/\/marina-schlaubetal.de\/index.php\/wp-json\/wp\/v2\/media\/107"}],"wp:attachment":[{"href":"https:\/\/marina-schlaubetal.de\/index.php\/wp-json\/wp\/v2\/media?parent=32"}],"curies":[{"name":"wp","href":"https:\/\/api.w.org\/{rel}","templated":true}]}}